ainder when h is divided by 55.
52
Let i be ((-275)/50)/(1/(-24)). Suppose -3*s + i - 6 = 0. Calculate the remainder when s is divided by 15.
12
Suppose 4*o + 16 = 0, 5*s + 4*o + 16 = 3*s. Suppose 0 = -s*w - 2*w + 16. Calculate the remainder when w is divided by 3.
2
Suppose g - 4*a + 23 = 90, 3*g = a + 146. What is the remainder when g is divided by 192/(-40)*(-3 - 2)?
23
Calculate the remainder when (3321/(-21))/(-1) + (-42)/(-49) is divided by 20.
19
Let n(b) = -3*b**2 - 3*b + 2. Let k be n(-4). Calculate the remainder when -3*(0 + k/6) is divided by 10.
7
Let y = -1885 - -1962. What is the remainder when 689 is divided by y?
73
Suppose -5*y - 36 = 4*y. Calculate the remainder when 72 is divided by (2/3)/(9/((-1350)/y)).
22
Suppose -6 = -19*y + 25*y. Let p(z) = -117*z**3 - 3*z**2 - 2*z. What is the remainder when p(y) is divided by 30?
26
Calculate the remainder when 53 is divided by (-3)/(-9) - (3 - 95/3).
24
Suppose 0 = o + m + 2*m - 4, 6 = -3*m. Suppose 139 = 4*l + 3*c, 5*l - 25 = -c + 146. Calculate the remainder when l is divided by o.
4
Suppose -3*c + 2*h + 45 = 0, -3*c + 42 + 3 = h. Calculate the remainder when c is divided by 3.
0
Let a = 835 - 823. What is the remainder when 59 is divided by a?
11
Let s = -165 + 45. Calculate the remainder when (44/5)/((-16)/s) is divided by 17.
15
Let l(y) = 6*y - 10 + 4*y - 4*y - 2*y. Calculate the remainder when 35 is divided by l(7).
17
Let w(d) = d**3 + 10*d**2 - 3. Let b be 1/(-7) + (-516)/(-84). Calculate the remainder when w(-5) is divided by (-2*(-155)/(-30))/((-2)/b).
29
Let w be (-1 - -59)*(14/4 - 3). Let p = 37 - w. What is the remainder when 37 is divided by p?
5
Let d be 2/(-8) - (-496)/(-64). Let l = 14 + d. Calculate the remainder when 18 is divided by (9/l)/(-3)*-10.
3
Let p(h) = 5*h**2 - 2*h - 10. Suppose -3*m - 4*n = -3, 25 = -2*m + 4*n + 7. What is the remainder when p(m) is divided by 13?
2
Let p(l) = -l**2 - 3*l + 2. Let w be p(3). Suppose -3*v + 5*i - 62 = -0*v, 5*v + 128 = -4*i. What is the remainder when 11 is divided by v/w*(3 - 1)?
2
Suppose 4*i - 45 - 51 = 0. Suppose 316 = 6*z + 40. Calculate the remainder when z is divided by i.
22
Let i(j) = -j**2 + 7*j - 6. Let u be i(6). Suppose 4*x = -u*x + 372. Suppose x = -c + 4*c. Calculate the remainder when c is divided by 16.
15
Suppose -30 - 18 = -4*o. What is the remainder when (5 - -82) + 60/(-10) is divided by o?
9
Let n(h) = 5*h + 53. Let r be n(-10). What is the remainder when (6/3)/(r/15) is divided by 3?
1
Suppose -138 = -4*x - 4*j + 6, -x + 3*j = -20. Calculate the remainder when 61 is divided by x.
29
Let w(a) = -a**2 + 8*a + 4. Let p be w(8). Suppose 0 = -4*t + 2*x + 262, -5*x - 250 = -p*t + 21. Calculate the remainder when t is divided by 13.
12
Suppose -48 = -5*a - a. Suppose -2*u + a = -30. Calculate the remainder when u is divided by 5.
4
Let b = -331 + 342. Let i = -7 - -12. Calculate the remainder when b is divided by i.
1
Let k(q) = -5*q**2 - q**3 - 11*q**2 - 12 - 1 - 18*q - 7. Calculate the remainder when 73 is divided by k(-15).
23
Suppose 0*i + 4*n = -2*i - 86, -12 = 4*n. Let k = -31 - i. Calculate the remainder when k is divided by 5.
1
Let t = -132 + 217. Calculate the remainder when 20 is divided by (-4)/(-10) + 731/t.
2
Suppose -2*d + 49 = -3*n + 10, 3*d = -5*n + 68. Calculate the remainder when 52 is divided by d.
10
Let r be (-4 - -1) + (0 - -21). What is the remainder when 9 is divided by (r/(-12))/((-6)/16)?
1
Suppose 4*d + 106 = 5*d. Suppose -x + 109 - d = 0. What is the remainder when 9 is divided by x?
0
What is the remainder when 32 is divided by (-170)/(-12) - 4/24?
4
Let f = 255 + -189. Calculate the remainder when f is divided by 17.
15
Let r = 9 + -9. Suppose r = 5*j - 2*j - 6. Suppose 21 = -j*w + 5*w. What is the remainder when 25 is divided by w?
4
Suppose 1339 = 13*n - 1859. Calculate the remainder when n is divided by 84.
78
Suppose -s = 3*b - 35, 16*s + 2*b = 13*s + 84. What is the remainder when s is divided by 5?
1
Let k = 221 + -32. Let y be ((-48)/14)/((-6)/k). Let z = -10 + y. What is the remainder when z is divided by 33?
32
Suppose -6*m + 27 = -5*m - 2*h, 2*m + h = 54. Let q(v) = -v + 20. Let c be q(0). Calculate the remainder when m is divided by c/(-3)*3/(-2).
7
Suppose 185*l + 144 = 189*l. What is the remainder when 81 is divided by l?
9
Suppose -51 = -2*h - 5*g, -2*h + g + g = -16. Suppose -1 + h = 3*w. Let j(d) = d**2 - 3*d + 2. What is the remainder when j(w) is divided by 2?
0
Let n(j) be the second derivative of -j**5/20 + 7*j**4/12 + j**3/6 - j**2/2 + 3*j. What is the remainder when n(6) is divided by 7?
6
Let w = 46 - 40. Let h(g) = g + 4. What is the remainder when 33 is divided by h(w)?
3
What is the remainder when (-14 + 17)/((-3)/(-83)) is divided by 13?
5
Let d = -21934 + 22117. Let n(j) = -5*j + 6. Calculate the remainder when d is divided by n(-5).
28
Let j = 147 + -135. Calculate the remainder when 80 is divided by j.
8
Let y(k) = -k**2 - k - 1. Let m be y(8). Let a = 122 + m. Suppose -a = -5*x + i + 115, 0 = -4*x - 4*i + 136. What is the remainder when x is divided by 9?
6
Suppose -46*a - 4 = -47*a. Calculate the remainder when 34 is divided by a.
2
Suppose 1518 + 666 = 26*z. What is the remainder when 319 is divided by z?
67
Suppose -2*b + 3*c + 19 = 0, 0 = 5*c + 2 + 3. Suppose 0*j + 18 = -2*j. Let w(x) = x + 22. What is the remainder when w(j) is divided by b?
5
Let r(a) = a**3 + 5*a**2 + 1. Let i be r(-5). Let t(s) = -4*s**3 + 3*s**2 + 3*s + 1. Calculate the remainder when t(-2) is divided by -1 - -10 - (-2 + i).
9
Let p(x) = 5 - 4*x + 3*x + 6*x + 7*x**2 + 0*x + x**3. Let g = 5 + -11. Calculate the remainder when p(g) is divided by 3.
2
Suppose -91*n = -75*n - 576. Calculate the remainder when 85 is divided by n.
13
Suppose -833*i + 304 = -825*i. Calculate the remainder when 53 is divided by i.
15
Let m = 600 - 579. Calculate the remainder when 25 is divided by m.
4
Let t be (4*5/6 - 3)*3. Let x(m) = 46*m**2 - 7*m + 6. Suppose 0 = -4*z - 17 + 49. What is the remainder when x(t) is divided by z?
5
Let n(t) = -4*t - 5. Suppose 0 = -b + 6*b + 20, 44 = -4*w - 3*b. Calculate the remainder when (38/(-4))/(w/16) is divided by n(-3).
5
Suppose -2*p - 26 = 10. Let f = p + 30. Suppose 4*h + 3*r - 177 = 0, 3*r = -2*h - 2*r + 85. Calculate the remainder when h is divided by f.
9
Let t(g) = 44*g**3 - g**2 + 3*g - 1. Suppose w + 73 + 40 = -5*i, 2*i = 3*w + 288. Calculate the remainder when t(1) is divided by (-8)/32 - w/8.
9
Suppose -2*m + 44 = 4*w, -m - 30 = 2*w - 4*w. Suppose 288 = 17*v - 13*v. What is the remainder when v is divided by w?
7
Let f = -81 - -81. Suppose -7*q + 320 + 121 = f. What is the remainder when q is divided by 5?
3
Suppose -5569 = -10*d - 479. Calculate the remainder when d is divided by 73.
71
Let m = -11 - -15. Let l be (-6)/3 + 7 + -2. Suppose -8 = s - l*s. What is the remainder when m is divided by s?
0
Let s(i) = -2*i + 5. Let a = -2 - -3. Suppose a = -x - g, -2*g + 34 - 8 = -5*x. Calculate the remainder when 37 is divided by s(x).
11
Suppose 2572 + 821 = 39*l. Calculate the remainder when l is divided by 47.
40
Let l(t) = 2*t**2 + 25*t + 3. Calculate the remainder when l(-16) is divided by 13.
11
Suppose -5*o = 2*v - 153, 3*o - 10*v - 107 = -15*v. Calculate the remainder when 83 is divided by o.
25
Calculate the remainder when 5 - ((-22)/(-10) + (-28)/(-35)) is divided by 2.
0
Suppose 5*a + 14*w - 16*w = 90, -4*a = 5*w - 72. Calculate the remainder when 80 is divided by a.
8
Let r(w) = w**2 - 3*w - 16. Calculate the remainder when r(7) is divided by 6/(-4)*80/(-24).
2
Suppose -288 = -7*s + 160. Let g = 75 - s. What is the remainder when 118 is divided by g?
8
Let g(k) = -k**3 - 8*k**2 + 8. Let x = -3055 + 3086. What is the remainder when x is divided by g(-8)?
7
Let k be -7 + 11 - 7/1. Calculate the remainder when 16 is divided by k + -6 + 4 + 8.
1
Let b(o) = -20*o + 1. What is the remainder when (-32 + -1)/(138/(-506)) is divided by b(-2)?
39
Let j(x) = 4*x**2 - 5*x + 12. Let y(u) = u + 6. Let z be y(-2). Calculate the remainder when j(z) is divided by (261/27)/(1/3).
27
Suppose 6*d = 69 + 15. Let i = d - -32. What is the remainder when i is divided by 12?
10
Suppose -58*y = -59*y + 2. Suppose -17 = -s + y*d, 0*s = -2*s + 2*d + 26. Sup